(-56)/4 + -5 + 11. Let s(i) = -i**2 - 7*i + 6. What is s(n)?
-2
Let o(x) = -x**2 - 7*x + 3. Let j = -16 - -11. Give o(j).
13
Let t(l) = 0*l + 6*l + 7 + 2*l**2 - l**2. Let k be (-38)/8 - (-2)/(-8). Calculate t(k).
2
Let v(a) = -a**3 + 2*a**2 + 2*a - 2. Let t be v(2). Let g(i) = 5*i + 36. Let p(x) = x + 7. Let s(b) = t*g(b) - 11*p(b). Suppose -5 = 2*h + 5. What is s(h)?
0
Let j(s) = -s**3 - 3*s**2 + 2*s + 2. Let d be j(-2). Let i(k) = 3*k**3 - 5*k**2 + 7*k + 9. Let w(f) = f**3 + 1. Let n(q) = -i(q) + 4*w(q). Determine n(d).
1
Let m(b) = -11 - b**3 + 7 + 8 - 5*b**2 + b. What is m(-5)?
-1
Let i = -1 + 2. Let f(m) be the third derivative of 1/3*m**3 + 0 - 9*m**2 - 1/24*m**4 + 0*m. What is f(i)?
1
Let w(f) = 6*f - 56. Let p be w(10). Let c(m) = m + 4. Determine c(p).
8
Let m(f) = f - 4. Let o = -3 - -31. Suppose 5*l + 13 = s + o, 3*l - 3*s - 21 = 0. Calculate m(l).
-2
Let t(z) = 1. Let s(x) = x + 1. Let u(q) = q + 14. Let n be u(-9). Let h(d) = n*s(d) - 4*t(d). Let r(o) = -o. Let v be r(1). What is h(v)?
-4
Suppose 5*n = 3*n + 4. Suppose 3*o - 3*w = 2*o - 13, 0 = 2*o - 3*w + 11. Let r(p) = -p + p**o + 3 + p**3 + p**2 - n. Give r(-2).
3
Let x be (1/(-2) + -1)*-2. Let m be 5*(6/5 - 2). Let i(h) = 2*h - 3. Let a(t) = -3*t + 6. Let j(n) = m*a(n) - 7*i(n). Give j(x).
-9
Let c(k) = k**3 + 4*k**2. Let l be c(-4). Let g(n) = n - 8. Let j(i) = -4*i + 33. Let m(d) = 9*g(d) + 2*j(d). Give m(l).
-6
Let s(h) = 5*h**3 - 4*h**2 - 2*h - 2. Let o(u) = 2*u**2 + 3*u + 2. Let n be o(-2). Let r(x) = -4*x**3 + 4*x**2 + 2*x + 1. Let y(j) = n*r(j) + 3*s(j). Give y(4).
6
Let c(x) = 6*x**3 + x - 1. Let f be c(1). Let k(q) = -q**3 + 7*q**2 - 6*q - 6. Determine k(f).
-6
Let w(o) = -o**2 + 9*o - 10. Let j be w(7). Suppose -14 = 5*n + j*t, -22 = 4*n + n + 2*t. Let r(d) = d + 3. Give r(n).
-3
Let p be (-2 - (-48)/15)*10. Let c(b) = 0 + p*b**2 - 16*b**2 - 4*b - 3. Calculate c(-2).
-11
Let w(d) be the second derivative of d**3/6 - 3*d**2 - d - 1. Give w(7).
1
Let q(y) = y**2 + 2*y - 5. Let c(u) = u**2 + 2*u - 5. Let z(t) = -6*c(t) + 5*q(t). Give z(4).
-19
Let s(o) = o. Let f(n) = n + 1 - 2*n**2 - n + 3*n. Let v(a) = -f(a) + 2*s(a). What is v(2)?
5
Let h(w) = -2*w**2 + 117*w - 125*w + w**2. Give h(-8).
0
Let b(c) be the third derivative of 3*c**2 - 1/60*c**5 + 1/360*c**6 + 0 + 1/3*c**3 + 0*c - 1/24*c**4. Let i(f) be the first derivative of b(f). Calculate i(4).
7
Suppose 0 = 2*a + 2*a. Let l be (18/30)/((-2)/(-130)). Let j(t) = l - 40 + 0*t - t**2 - t**3 - t. What is j(a)?
-1
Let l(h) = 5*h**2 - 2*h + 3. Let n(i) = -4*i**2 + 3*i - 2. Let r(q) = 5*l(q) + 6*n(q). Determine r(-6).
-9
Let b be 8/4 + 0/(-1). Suppose -b = 5*w + 3. Let v(p) = -7*p**2 + p. What is v(w)?
-8
Let z(n) = -1. Let j(c) = -c + 7. Let h(b) = -j(b) - 5*z(b). Give h(-6).
-8
Suppose -2*r - r + q - 40 = 0, 0 = -r - 4*q - 9. Let l(g) = g + 19. Let m be l(r). Let t(f) = -f - 1. What is t(m)?
-7
Let t(w) = -w**3 + w**2 + w + 1. Let o be 1/(-4) + (-27)/(-12). Suppose o*u = -4*g, 5*u = -0*g + 5*g. What is t(u)?
1
Suppose 2*p - 7 = 3. Suppose 4*z - 38 = -j, 3*z - 2*j = 3*j + 40. Suppose -4*y + 12 = -2*l, 0 = -p*l + 5*y - 3*y + z. Let f(o) = o**2 - 2*o. What is f(l)?
8
Let q(n) = 7*n**3 + 2*n**2 + 2*n + 1. Let h = -17 + 16. Calculate q(h).
-6
Let f(y) be the first derivative of y**7/840 + y**6/360 - y**5/120 + y**4/8 + 3*y**3 - 3. Let s(x) be the third derivative of f(x). Give s(0).
3
Suppose -x = -6*x - 25. Let m be 0 - x/((-15)/(-12)). Let n(f) = m + 2*f + f - 4*f. What is n(2)?
2
Let l(u) be the first derivative of u**2 + 1. Suppose 2*v + 0*v = 10. Suppose f - v*t = 17, 2*f = -2*f - 4*t - 28. Give l(f).
-6
Let u be -1*2 + 6 + -1. Let v(s) = 0*s + 6 - 7 - s**2 + s. Calculate v(u).
-7
Let l = 2 - -1. Let y(a) = -2*a**3 + 2*a**2 - a**3 + 13*a**l - 2*a - 3. Let j(z) = 9*z**3 + 2*z**2 - z - 2. Let w(o) = -4*j(o) + 3*y(o). Calculate w(-1).
5
Let b(h) = 3*h**2 + h - 1. Let m = -67 + 68. What is b(m)?
3
Let o(b) be the first derivative of 0*b + 2*b**3 - 1/2*b**2 - 3. What is o(1)?
5
Suppose 0 = -2*l + 2*b + 3*b - 23, -4*l + 5*b = 21. Let p(s) = -2*s - 5 - 3 + l + 3. What is p(-4)?
4
Let s(n) be the first derivative of -4*n**2 + n + 7. What is s(2)?
-15
Suppose 7*b - 4*b = -21. Let h = b - -5. Let i(f) = f**3 + f**2 - f - 1. Determine i(h).
-3
Let j(x) = -x**3 - x**2 + 2*x - 1. Let w be j(1). Let c(b) = -1. Let l(o) = -o + 6. Let n(t) = w*l(t) - 6*c(t). Determine n(4).
4
Let j(k) be the first derivative of 2*k**4 + k**3/3 - k**2/2 - k - 68. Determine j(-1).
-7
Let i be (2 + 1)*2/(-6). Let f = -2 + 4. Let a(t) = 1 - 2 + 2 - 7*t**f. Calculate a(i).
-6
Let v(h) = 7*h**3 + 4*h - 1. Let z = -5 - -6. Let r(m) = m**3 + m**2. Let d(j) = z*v(j) - 6*r(j). Give d(5).
-6
Let d(k) = k**3 - 5*k**2 + 2. Let s be d(5). Let h(i) be the third derivative of i**6/120 - i**5/30 - i**4/6 + i**3/2 + 5*i**2. Determine h(s).
-5
Let g be (-4 - 3)*1 + 0. Let o(p) = p + 16. Determine o(g).
9
Suppose 8*b - 4 = 7*b. Suppose 2*g = 2*q + b, -3*q + 3 = -4*g + 10. Let u(m) = -2*m + 1. Determine u(g).
-1
Suppose -n - 7 = -4. Let m(v) = -v**2 - 3*v - 1. Give m(n).
-1
Let d(v) = -2*v**2 - 8*v - 6. Let p(i) = -3*i**2 - 9*i - 6. Let c(z) = -4*d(z) + 3*p(z). Suppose 10 = 2*t - 2*l, 2*t + 9*l = 4*l + 10. Calculate c(t).
6
Let c(k) = -k**2 - 5*k - 1. Let y be c(-2). Let l(j) = 2*j + 1. Let v(x) = 2*x + x - 2*x. Let o(a) = -6*l(a) + 13*v(a). Give o(y).
-1
Let q(m) = 1 - 231*m + 225*m - 6*m**2 - m**3 + 0. Let s(d) = -d**3 + 7*d**2 - 6*d - 5. Let j be s(6). Calculate q(j).
6
Suppose -2*h = h + 12. Let u = h + 4. Suppose u = i + i - 10. Let z(a) = -a**2 + 3*a + 6. Calculate z(i).
-4
Let o(b) = -5*b**2 - b. Let r(y) = 2*y + 9. Let s be r(-7). Let q = s - -9. Let n(w) = w - 5. Let d be n(q). Determine o(d).
-4
Let t be (-24)/3*(-6)/8. Let i(g) = -3*g + 2*g + t*g + g**2. Calculate i(-6).
6
Let p(g) = -4*g**2 - 2*g + g + g**2 + 2*g**3 + 2. Suppose -3*z + 2*z = -5. Suppose -2*b - b + 16 = 2*w, -10 = z*b - 4*w. What is p(b)?
4
Let g(i) be the first derivative of -i**4/4 + 4*i**3/3 + i**2 - 6*i - 5. Suppose -3*f + 8 + 4 = 4*c, 0 = -4*f - 5*c + 16. Determine g(f).
2
Let p(g) = -g**2 - 5*g + 4. Let l = -9 - -3. Calculate p(l).
-2
Suppose 0 = -x + 3*s + 10, 13 = x - s - s. Let z = 7 - 3. Suppose x = z*b - 1. Let y(j) = -j**2 + 4*j - 5. Determine y(b).
-10
Suppose -7 = 2*z + 1. Let k(s) be the second derivative of -s**6/720 - s**5/30 + s**4/6 - 2*s. Let q(d) be the third derivative of k(d). Determine q(z).
0
Let h(n) = n**3 - 3*n**2 + 3*n - 1. Suppose -4*c + 0*c = -12. Give h(c).
8
Let r be (-2)/(-5)*(4 + 1). Let n(p) = -r + 4*p + 2. Let g(s) = s + 12. Let c be g(-13). Give n(c).
-4
Let d be (0 + 0)*(-2 - -3). Let k(j) = -4 - 6*j**2 + 0 + d*j**2 + 3. What is k(-1)?
-7
Let k(p) = -p**2 + 6*p + 10. Let r be k(7). Let i(s) = 4 - s + 3*s - r. What is i(-4)?
-7
Let t(a) = 11*a**3 + 5*a**2 + 4*a. Let w(c) = -c**3 - c**2 - c. Let l(v) = -t(v) - 5*w(v). Determine l(1).
-5
Let j(y) = 2*y + 13. Let n(a) = -a - 6. Let u(x) = -4*j(x) - 9*n(x). Suppose -5*d = -3*d. Let c be 1/2*d + 2. Calculate u(c).
4
Let i(b) be the third derivative of b**4/12 + 4*b**3/3 + 3*b**2 - 5*b. What is i(7)?
22
Let n(y) = -10*y**2 + 5*y - 5. Let x(q) = 9*q**2 - 6*q + 6. Let a(s) = -7*n(s) - 6*x(s). What is a(1)?
16
Let r(u) = u**3 - 3*u**2 - 5*u - 3. Let f(z) = 3*z**2 + 3*z - 2. Let k be f(1). What is r(k)?
-7
Let n(v) = 3*v**3 - 5*v**2 - 5*v - 13. Let w(j) = j**3 - 3*j**2 - 2*j - 6. Let u(z) = -2*n(z) + 5*w(z). Determine u(-5).
-4
Let p = -5 + 8. Suppose 0 = 3*l - 5*r - 6, p*l = -0*l + r + 6. Suppose m = -4*c + 3*m + 14, -6 = l*m. Let q(v) = -3*v**2 + 2*v + 2. What is q(c)?
-6
Let f(x) be the third derivative of x**6/120 + x**5/30 - x**4/8 + x**3/2 - 6*x**2. What is f(-4)?
-17
Let k(h) = h**2 - h + 1. Let w(o) = -o**3 + 12*o**2 - o + 16. Let c(u) = -6*k(u) + w(u). What is c(7)?
-4
Let k(h) be the second derivative of h**3/6 - h**2/2 - 4*h. Let g = -2 + -5. Let f = g + 4. Give k(f).
-4
Let m(w) be the third derivative of -w**8/6720 + w**7/5040 + w**6/720 - w**5/20 + 3*w**2. Let h(f) be the third derivative of m(f). What is h(-1)?
-3
Let l be (15/6)/((-2)/(-4)). Let o(h) = h**2 - 11*h. Let k(m) = m**2 - 12*m - 1. Let x(b) = -5*k(b) + 6*o(b). Give x(l).
0
Let i(q) = -4*q + 6*q + 273 - 267. Calculate i(-4).
-2
Let o(r) b